1*l + l**2 - 384052 + 192045 + 192035. Give a(2).
-6
Let w(j) = j + 2. Let o be w(-3). Let r(t) be the second derivative of -2/3*t**3 + 0*t**2 + 2 + 21*t. Calculate r(o).
4
Let h be ((-1)/3)/(5/(-150)). Let x(r) = 2*r**2 - 23*r + 24. Calculate x(h).
-6
Let u(i) = i**3 + 5*i**2 + i. Let f(q) = q**2 - q - 12. Let n be f(-3). What is u(n)?
0
Let q = 22 + -22. Let l(f) = f**2 + 66. Let s be l(q). Suppose -62*r + s*r = 16. Let z(u) = u**3 - 5*u**2 + 4*u - 6. Give z(r).
-6
Let n(f) be the second derivative of -f**4/6 - 5*f**3/2 - 5*f**2/2 - 11*f + 31. Calculate n(-4).
23
Let o(f) = 11*f**3 + 2*f**2 - 1. Suppose 1476 = -4*q - j, 3*q + j - 1114 = 6*q. Let p = 369 + q. What is o(p)?
-10
Let t(q) = -47*q + 84*q - 10*q**2 - 341*q**3 - 38*q - 8 - 26*q**2 + 338*q**3. What is t(-12)?
4
Let o(n) = -2*n + 0*n + 185327*n**2 - 185328*n**2 + 5 - 3*n + 2. Let a(d) = d - 10. Let r be a(0). What is o(r)?
-43
Let b = 325 - 324. Let u be b*(-4)/28*-7 + 0. Let f(h) = 12*h + 2. Determine f(u).
14
Let s(w) = -w**3 - 14*w**2 - 2*w - 6. Suppose 8*t - 33 = -9. Let u(m) = m**3 + 16*m**2 + m + 5. Let z(o) = t*u(o) + 4*s(o). What is z(-8)?
31
Suppose 0 = -7*v + 2*s + 20, 21*s + 4 = -v + 23*s. Let l(n) = 3*n - 8. Let m(d) = 1. Let j(c) = -l(c) - 4*m(c). Determine j(v).
-8
Let f(c) be the first derivative of c**5/60 - 7*c**4/24 - 7*c**3/6 + 9*c**2 + 4*c + 98. Let q(r) be the second derivative of f(r). Determine q(8).
1
Suppose h = -5*s + 4364, 5*s - 8 - 2 = 0. Let c(o) = -2181 + 8*o + h - 2171 + o. Give c(-2).
-16
Let r(i) = 62*i + 15. Let s(c) = -41*c - 11. Let w(k) = -2*r(k) - 3*s(k). Let h(t) = -t - 17. Let z be h(-9). What is w(z)?
11
Let r(k) = -8*k + 68. Let l be r(10). Let o = l + 16. Let h(j) = j - 2. Determine h(o).
2
Let b = -833 + 839. Let g(j) = 2*j**2 - 15*j + 8. Calculate g(b).
-10
Let v(j) = -17 - 37 + 103 - 17 - 42*j. Calculate v(1).
-10
Let s(r) = 2*r**2 + 29*r - 210. Let o be s(5). Let h(y) = -y**3 - 16*y**2 - 13*y + 17. Give h(o).
-13
Let p(a) = 502*a + 493*a - 1487*a + 493*a + 10. Determine p(3).
13
Let a(o) = -2*o + 10. Suppose 0 = 7*f - 36 + 8. Let u(k) = -k**2 + 8*k - 16. Let t be u(f). Calculate a(t).
10
Let v(g) = 21 + 187*g**3 - 143*g + 180*g**3 - 368*g**3 + 15*g**2 + 116*g. Give v(13).
8
Let n(i) = -6*i**2 + 2*i - 3. Suppose -24*p - 23 = 73. Give n(p).
-107
Suppose -2*n - 3*n + 20 = -5*h, 2*n + h = 11. Let g(r) = -11*r**2 - 33*r + 26*r - r**3 + 3*r**2 + n. What is g(-7)?
5
Let w(y) = -1357 - y**3 + 206*y**2 + 1342 - 5*y - 198*y**2. Give w(7).
-1
Let v(m) be the first derivative of -m**3/3 + 2*m**2 + 166*m + 4945. What is v(-12)?
-26
Let b(q) be the second derivative of -q**3/3 - 15*q**2/2 - 766*q. Determine b(-5).
-5
Let j(y) = 13*y**3 + y + 1. Let r be -9 + (-84)/(-14) - -2. Give j(r).
-13
Let q(b) = b**2 + 137*b + 1259. Let w be q(-127). Let m(h) = h**2 + 16*h - 14. What is m(w)?
-69
Suppose -5*o = -2*q + 2, -q + o + 22 = 3*q. Suppose 5*l + 5*y - 18 = 2*l, -4*l + 13 = 3*y. Let v(i) = -262*i + i**2 + 129*i + 127*i - l. Calculate v(q).
-1
Let g(d) = -d + 3. Let z be ((-12)/(-30))/((-162)/(-80) + -2). Suppose 5*w = -69 - z. Let k be (-32)/(-10) - w/(-85). Determine g(k).
0
Let l(n) = 9*n**3 + 6*n**2 + 4*n - 6. Let w(d) = -11*d**3 - 7*d**2 - 5*d + 7. Let k(z) = 5*l(z) + 4*w(z). Let g = 11 - 13. Determine k(g).
-2
Let g(n) be the second derivative of n**4/12 + n**3/2 - n**2 + 494*n. Determine g(2).
8
Let g(l) be the second derivative of -l**4/6 + 23*l**2/2 - 6442*l. Give g(9).
-139
Let k(v) = 8*v - 64. Suppose -3*g + 10 = 4*p, 16 = g + 8*p - 13*p. Calculate k(g).
-16
Let b be (-4 - (159 + -4))*1. Let w = -161 - b. Let x(a) = 7*a + 0*a - 4*a - 2*a. Determine x(w).
-2
Suppose 5*o - 11 = 34. Let d be (-12)/20 - (-3 - o/15). Let k(q) = q - 9. Calculate k(d).
-6
Let r(s) = -4*s - 5. Let l(z) = -17*z - 21. Let t(y) = -6*l(y) + 26*r(y). Suppose 19*o = 14*o + 25. Suppose k + 38 = -o*i - 4, 5*i + 38 = k. Determine t(i).
12
Let q be (-5)/5 + 1 + -32. Let u be q/(-15) - 20/150. Let c(b) = -1 + 3*b - 2*b + u + b**2. Give c(0).
1
Let s(f) = f**3 - 7*f**2 + 3*f - 9. Let v = -437 + 439. Let i be (v/(-4) - 3)/(3/(-6)). Give s(i).
12
Suppose -2*v + 732 = 2*v. Let h = -184 + v. Let b(g) = g**2 + g. What is b(h)?
0
Let b(x) = -x**3 + 2*x**2 + 31*x - 13. Let d be 10 - (2 - (-341)/44) - 63/12. Calculate b(d).
7
Let o be 27/(-12) - 253/44. Let m(x) = 4*x + 6. What is m(o)?
-26
Suppose -30 = 40*x - 55*x. Suppose 3*p - 17 = -5*u - 3, p - 6 = -x*u. Let y(a) = -7*a**2 - 4*a - 3. What is y(p)?
-23
Let i(f) = -77*f - 294. Let a(c) = 80*c + 283. Let x(r) = -8*a(r) - 9*i(r). What is x(-7)?
11
Let f(k) = 2*k**2 + k + 1. Let g(n) = -n**3 - 5*n**2 + 8*n - 1. Let m(j) = -3*f(j) - g(j). Give m(4).
2
Let z(w) = w**2 + 6*w - 8. Let n(y) = -y**3 + 7*y**2 + 15*y + 30. Let u be n(9). Suppose 3*g + 36 = -4*k, -u*k = -g + 2*g + 17. What is z(g)?
8
Let q(o) = 5*o**2 - 11*o + 11. Let s(l) = -3*l**2 + 8*l - 7. Let p(r) = 5*q(r) + 8*s(r). Let i(a) = -10*a - 111. Let h be i(-10). Determine p(h).
21
Let o(u) = u**3 + 5*u**2 + 8*u + 32. Let s be o(-11). Let c = s + 794. Let i(z) = -z**3 + 11*z**2 + 15*z - 18. Give i(c).
18
Let a(j) = -j**3 - 4*j**2 - 4. Let l(o) = -o - 5. Let k(n) = -1. Let g(t) = -5*k(t) - l(t). Let h = -1346 - -1332. Let w be g(h). Determine a(w).
-4
Let b(h) = -4*h**2 - 5*h - 2. Let a(i) = 9*i**2 + 11*i + 5. Let d(u) = 2*a(u) + 5*b(u). Calculate d(-3).
-9
Suppose -8*d - 28 = -116. Suppose 5*m - 3 = -d*i + 7*i, -3*i = m + 6. Let j(f) = -f**2 + 4*f - 4 + 4 + 2 - 1. What is j(m)?
4
Suppose 2*m = -6, 19 = p + 184*m - 189*m. Let l(s) = s**2 - 4*s + 21. Calculate l(p).
21
Suppose 0 = -62*j - 168 - 142. Let t(b) = -4*b - 20*b**2 + 9*b**2 + 4*b**2 + 6*b**2. Give t(j).
-5
Suppose 5*y = 4*l - 14, -2*l + 3 - 1 = 0. Let h = 89 + -87. Let c(o) = 5 + 78*o - 4 - 41*o - 36*o + 2*o**h. Give c(y).
7
Suppose 321 = -5*l + 331, 4*t - 2 = 3*l. Let g(h) = 27*h**2 - 3*h + 3. Give g(t).
105
Let q(z) be the third derivative of -z**6/120 - z**5/60 - 11*z**3/6 + 16*z**2. Let s be q(-3). Let u(v) = 0*v**2 - 6*v**2 + 6 + 4*v + s*v**2. What is u(-4)?
6
Suppose -u + 36 = -z, 5*z - 8*z = -5*u + 178. Let l(q) = -130*q - 135. Let r(f) = -15*f - 15. Let c(a) = u*r(a) - 4*l(a). Calculate c(6).
-15
Suppose -2*w + 367 = 361. Let j(f) be the first derivative of -14 - 1/3*f**w - 6*f - 3/2*f**2. Give j(-4).
-10
Let t(h) = -h**2 + 6. Suppose -3*j = 2*j. Let w be t(j). Let d(b) = b**2 - 17106999 + 17106999 - 6*b. Calculate d(w).
0
Suppose 0*d = 6*d - 1116. Suppose 0 = 3*m - d - 45. Let t(b) = -80 + 0*b + 2*b + m - b**2. Calculate t(4).
-11
Let d(i) = i. Let j = 8 - -7. Let v = -16 - -19. Suppose v*m - 3*x = -24, j = 4*x - x. Calculate d(m).
-3
Let a(l) = -438*l + 2191. Let d be a(5). Let u(s) = 89*s**2 + 3*s - 1. Calculate u(d).
91
Let a(x) = -7*x + 5. Let k(n) = 15*n - 11. Let d(p) = -13*a(p) - 6*k(p). Let l be (9/15)/(2/10). Give d(l).
4
Let o(c) = c**3 + 19*c**2 + 15*c - 14. Let f be o(-16). Let a(j) = j - f + 260 + 256. Calculate a(-6).
-4
Let a be -4 + 1/(-2)*62. Let l = a - -156. Let g be (-35)/(-11) - 22/l. Let h(q) = -5*q + 2. What is h(g)?
-13
Let b(v) be the first derivative of 3*v**2/2 + 7*v - 1. Suppose 0 = 57*j - 669 - 1155. Suppose 3*o + 12 = 0, 0*u + 4*u - 3*o = j. Determine b(u).
22
Let g(a) = 25*a**3 + 6*a**2 + 2*a - 4. Let b(h) = -67*h**3 - 15*h**2 - 7*h + 12. Let j(v) = -3*b(v) - 8*g(v). What is j(2)?
2
Let t be (-92)/(-3) - 12/(-36). Suppose -2*j + t = 27. Suppose 10 = -0*a + j*a. Let w(v) = -v**3 + 4*v**2 + 5*v - 5. Calculate w(a).
-5
Let l(d) = -7*d**2 + 64*d - 634. Let v(j) = -11*j**2 + 94*j - 954. Let a(i) = 8*l(i) - 5*v(i). Calculate a(33).
-5
Let o = 86 + -76. Suppose -6*g = -2*u - 2*g + o, 4*u + 5*g = 7. Suppose -3*x + 32 + 1 = -3*i, u*i + 33 = -3*x. Let c(t) = -t**2 - 11*t - 3. What is c(i)?
-3
Let i(l) be the third derivative of 10*l**2 + 1/12*l**4 + 0 + 0*l - 7/6*l**3. What is i(-5)?
-17
Let g = 42 - 37. Suppose g*f + 1 = 11, 0 = w + 3*f + 1. Let t(x) = x**2 + 6*x + 9. Calculate t(w).
16
Let f(b) = -2*b**3 - b + 4. Let s = 6573 + -6576. Give f(s).
61
Let m(y) = -y**2 + 4. Let u = 67 + -38. Suppose 0 = -3*d - 2*j + 37, -u = -6*d + 3*d - 4*j. Suppose -5*f - 3*h + d = 3, 4*f + 2*h = 10. Calculate m(f).
-5
Let s(a) be the first derivative of 43*a**2/2 + 188*a - 9881. Calculate s(-4).
16
Suppose 